{"id":794,"date":"2024-09-11T11:03:22","date_gmt":"2024-09-11T09:03:22","guid":{"rendered":"https:\/\/www.fontelec-lyon.com\/?page_id=794"},"modified":"2024-09-12T09:59:50","modified_gmt":"2024-09-12T07:59:50","slug":"devis-en-ligne","status":"publish","type":"page","link":"https:\/\/www.fontelec-lyon.com\/index.php\/devis-en-ligne\/","title":{"rendered":"Devis en ligne"},"content":{"rendered":"\t\t<div data-elementor-type=\"wp-page\" data-elementor-id=\"794\" class=\"elementor elementor-794\">\n\t\t\t\t\t\t<header class=\"elementor-section elementor-top-section elementor-element elementor-element-21d75147 elementor-section-boxed elementor-section-height-default elementor-section-height-default\" data-id=\"21d75147\" data-element_type=\"section\" data-e-type=\"section\" data-settings=\"{&quot;background_background&quot;:&quot;classic&quot;}\">\n\t\t\t\t\t\t<div class=\"elementor-container elementor-column-gap-default\">\n\t\t\t\t\t<div class=\"elementor-column elementor-col-100 elementor-top-column elementor-element elementor-element-54456057\" data-id=\"54456057\" data-element_type=\"column\" data-e-type=\"column\">\n\t\t\t<div class=\"elementor-widget-wrap elementor-element-populated\">\n\t\t\t\t\t\t<div class=\"elementor-element elementor-element-6fa30ae7 elementor-widget__width-initial elementor-invisible elementor-widget elementor-widget-heading\" data-id=\"6fa30ae7\" data-element_type=\"widget\" data-e-type=\"widget\" data-settings=\"{&quot;_animation&quot;:&quot;fadeIn&quot;}\" data-widget_type=\"heading.default\">\n\t\t\t\t<div class=\"elementor-widget-container\">\n\t\t\t\t\t<h1 class=\"elementor-heading-title elementor-size-default\">On a h\u00e2te de vous rencontrer<\/h1>\t\t\t\t<\/div>\n\t\t\t\t<\/div>\n\t\t\t\t<div class=\"elementor-element elementor-element-65135a1c elementor-invisible elementor-widget elementor-widget-text-editor\" data-id=\"65135a1c\" data-element_type=\"widget\" data-e-type=\"widget\" data-settings=\"{&quot;_animation&quot;:&quot;fadeIn&quot;}\" data-widget_type=\"text-editor.default\">\n\t\t\t\t<div class=\"elementor-widget-container\">\n\t\t\t\t\t\t\t\t\t<p>Nous vous invitons \u00e0 remplir le formulaire ci-dessous et notre \u00e9quipe vous recontactera sous 24 heures :<\/p>\t\t\t\t\t\t\t\t<\/div>\n\t\t\t\t<\/div>\n\t\t\t\t\t<\/div>\n\t\t<\/div>\n\t\t\t\t\t<\/div>\n\t\t<\/header>\n\t\t<div class=\"elementor-element elementor-element-a98f882 e-flex e-con-boxed e-con e-parent\" data-id=\"a98f882\" data-element_type=\"container\" data-e-type=\"container\">\n\t\t\t\t\t<div class=\"e-con-inner\">\n\t\t\t\t<div class=\"elementor-element elementor-element-c1ee55e elementor-widget elementor-widget-wpforms\" data-id=\"c1ee55e\" data-element_type=\"widget\" data-e-type=\"widget\" data-widget_type=\"wpforms.default\">\n\t\t\t\t<div class=\"elementor-widget-container\">\n\t\t\t\t\t<style id=\"wpforms-css-vars-root\">\n\t\t\t\t:root {\n\t\t\t\t\t--wpforms-field-border-radius: 3px;\n--wpforms-field-border-style: solid;\n--wpforms-field-border-size: 1px;\n--wpforms-field-background-color: #ffffff;\n--wpforms-field-border-color: rgba( 0, 0, 0, 0.25 );\n--wpforms-field-border-color-spare: rgba( 0, 0, 0, 0.25 );\n--wpforms-field-text-color: rgba( 0, 0, 0, 0.7 );\n--wpforms-field-menu-color: #ffffff;\n--wpforms-label-color: rgba( 0, 0, 0, 0.85 );\n--wpforms-label-sublabel-color: rgba( 0, 0, 0, 0.55 );\n--wpforms-label-error-color: #d63637;\n--wpforms-button-border-radius: 3px;\n--wpforms-button-border-style: none;\n--wpforms-button-border-size: 1px;\n--wpforms-button-background-color: #066aab;\n--wpforms-button-border-color: #066aab;\n--wpforms-button-text-color: #ffffff;\n--wpforms-page-break-color: #066aab;\n--wpforms-background-image: none;\n--wpforms-background-position: center center;\n--wpforms-background-repeat: no-repeat;\n--wpforms-background-size: cover;\n--wpforms-background-width: 100px;\n--wpforms-background-height: 100px;\n--wpforms-background-color: rgba( 0, 0, 0, 0 );\n--wpforms-background-url: none;\n--wpforms-container-padding: 0px;\n--wpforms-container-border-style: none;\n--wpforms-container-border-width: 1px;\n--wpforms-container-border-color: #000000;\n--wpforms-container-border-radius: 3px;\n--wpforms-field-size-input-height: 43px;\n--wpforms-field-size-input-spacing: 15px;\n--wpforms-field-size-font-size: 16px;\n--wpforms-field-size-line-height: 19px;\n--wpforms-field-size-padding-h: 14px;\n--wpforms-field-size-checkbox-size: 16px;\n--wpforms-field-size-sublabel-spacing: 5px;\n--wpforms-field-size-icon-size: 1;\n--wpforms-label-size-font-size: 16px;\n--wpforms-label-size-line-height: 19px;\n--wpforms-label-size-sublabel-font-size: 14px;\n--wpforms-label-size-sublabel-line-height: 17px;\n--wpforms-button-size-font-size: 17px;\n--wpforms-button-size-height: 41px;\n--wpforms-button-size-padding-h: 15px;\n--wpforms-button-size-margin-top: 10px;\n--wpforms-container-shadow-size-box-shadow: none;\n\n\t\t\t\t}\n\t\t\t<\/style><style id=\"wpforms-css-vars-elementor-widget-c1ee55e\">\n\t\t\t\t.elementor-widget-wpforms.elementor-element-c1ee55e {\n\t\t\t\t\t--wpforms-field-size-input-height: 43px;\n--wpforms-field-size-input-spacing: 15px;\n--wpforms-field-size-font-size: 16px;\n--wpforms-field-size-line-height: 19px;\n--wpforms-field-size-padding-h: 14px;\n--wpforms-field-size-checkbox-size: 16px;\n--wpforms-field-size-sublabel-spacing: 5px;\n--wpforms-field-size-icon-size: 1;\n--wpforms-label-size-font-size: 16px;\n--wpforms-label-size-line-height: 19px;\n--wpforms-label-size-sublabel-font-size: 14px;\n--wpforms-label-size-sublabel-line-height: 17px;\n--wpforms-button-size-font-size: 17px;\n--wpforms-button-size-height: 41px;\n--wpforms-button-size-padding-h: 15px;\n--wpforms-button-size-margin-top: 10px;\n\n\t\t\t\t}\n\t\t\t<\/style><div class=\"wpforms-container wpforms-container-full wpforms-render-modern\" id=\"wpforms-780\"><form id=\"wpforms-form-780\" class=\"wpforms-validate wpforms-form wpforms-ajax-form\" data-formid=\"780\" method=\"post\" enctype=\"multipart\/form-data\" action=\"\/index.php\/wp-json\/wp\/v2\/pages\/794\" data-token=\"48a6d932b9fe7bbc1d7374c1f49bb1ee\" data-token-time=\"1776568108\"><noscript class=\"wpforms-error-noscript\">Veuillez activer JavaScript dans votre navigateur pour remplir ce formulaire.<\/noscript><div class=\"wpforms-hidden\" id=\"wpforms-error-noscript\">Veuillez activer JavaScript dans votre navigateur pour remplir ce formulaire.<\/div><div class=\"wpforms-field-container\"><div id=\"wpforms-780-field_1-container\" class=\"wpforms-field wpforms-field-name wpforms-one-half wpforms-first\" data-field-id=\"1\"><fieldset><legend class=\"wpforms-field-label\">Nom <span class=\"wpforms-required-label\" aria-hidden=\"true\">*<\/span><\/legend><div class=\"wpforms-field-row wpforms-field-large\"><div class=\"wpforms-field-row-block wpforms-first wpforms-one-half\"><input type=\"text\" id=\"wpforms-780-field_1\" class=\"wpforms-field-name-first wpforms-field-required\" name=\"wpforms[fields][1][first]\" aria-errormessage=\"wpforms-780-field_1-error\" required><label for=\"wpforms-780-field_1\" class=\"wpforms-field-sublabel after\">Pr\u00e9nom<\/label><\/div><div class=\"wpforms-field-row-block wpforms-one-half\"><input type=\"text\" id=\"wpforms-780-field_1-last\" class=\"wpforms-field-name-last wpforms-field-required\" name=\"wpforms[fields][1][last]\" aria-errormessage=\"wpforms-780-field_1-last-error\" required><label for=\"wpforms-780-field_1-last\" class=\"wpforms-field-sublabel after\">Nom<\/label><\/div><\/div><\/fieldset><\/div><div id=\"wpforms-780-field_5-container\" class=\"wpforms-field wpforms-field-radio wpforms-one-half wpforms-list-inline\" data-field-id=\"5\"><fieldset><legend class=\"wpforms-field-label\">Vous \u00eates :<\/legend><ul id=\"wpforms-780-field_5\"><li class=\"choice-1 depth-1\"><input type=\"radio\" id=\"wpforms-780-field_5_1\" name=\"wpforms[fields][5]\" value=\"Un particulier\" aria-errormessage=\"wpforms-780-field_5_1-error\"  ><label class=\"wpforms-field-label-inline\" for=\"wpforms-780-field_5_1\">Un particulier<\/label><\/li><li class=\"choice-2 depth-1\"><input type=\"radio\" id=\"wpforms-780-field_5_2\" name=\"wpforms[fields][5]\" value=\"Un professionnel\" aria-errormessage=\"wpforms-780-field_5_2-error\"  ><label class=\"wpforms-field-label-inline\" for=\"wpforms-780-field_5_2\">Un professionnel<\/label><\/li><\/ul><\/fieldset><\/div><div id=\"wpforms-780-field_2-container\" class=\"wpforms-field wpforms-field-email wpforms-one-half wpforms-first\" data-field-id=\"2\"><label class=\"wpforms-field-label\" for=\"wpforms-780-field_2\">Adresse E-Mail <span class=\"wpforms-required-label\" aria-hidden=\"true\">*<\/span><\/label><input type=\"email\" id=\"wpforms-780-field_2\" class=\"wpforms-field-large wpforms-field-required\" name=\"wpforms[fields][2]\" spellcheck=\"false\" aria-errormessage=\"wpforms-780-field_2-error\" required><\/div><div id=\"wpforms-780-field_6-container\" class=\"wpforms-field wpforms-field-text wpforms-one-half\" data-field-id=\"6\"><label class=\"wpforms-field-label\" for=\"wpforms-780-field_6\">T\u00e9l\u00e9phone <span class=\"wpforms-required-label\" aria-hidden=\"true\">*<\/span><\/label><input type=\"text\" id=\"wpforms-780-field_6\" class=\"wpforms-field-large wpforms-field-required\" name=\"wpforms[fields][6]\" aria-errormessage=\"wpforms-780-field_6-error\" required><\/div><div id=\"wpforms-780-field_9-container\" class=\"wpforms-field wpforms-field-text\" data-field-id=\"9\"><label class=\"wpforms-field-label\" for=\"wpforms-780-field_9\">Code postal ou ville <\/label><input type=\"text\" id=\"wpforms-780-field_9\" class=\"wpforms-field-large\" name=\"wpforms[fields][9]\" aria-errormessage=\"wpforms-780-field_9-error\" ><\/div><div id=\"wpforms-780-field_4-container\" class=\"wpforms-field wpforms-field-select wpforms-field-select-style-modern\" data-field-id=\"4\"><label class=\"wpforms-field-label\" for=\"wpforms-780-field_4\">Votre besoin <span class=\"wpforms-required-label\" aria-hidden=\"true\">*<\/span><\/label><select id=\"wpforms-780-field_4\" class=\"wpforms-field-large wpforms-field-required choicesjs-select\" data-size-class=\"wpforms-field-row wpforms-field-large\" data-search-enabled=\"\" name=\"wpforms[fields][4]\" required=\"required\"><option value=\"\" class=\"placeholder\" disabled  selected='selected'>Panneaux photovolta\u00efques<\/option><option value=\"Panneaux photovolta\u00efques\" >Panneaux photovolta\u00efques<\/option><option value=\"Chauffages et climatisations\" >Chauffages et climatisations<\/option><option value=\"\u00c9lectricit\u00e9 g\u00e9n\u00e9rale\" >\u00c9lectricit\u00e9 g\u00e9n\u00e9rale<\/option><option value=\"Bornes IRVE\" >Bornes IRVE<\/option><option value=\"Ventilation\" >Ventilation<\/option><option value=\"Domotique et automatisme\" >Domotique et automatisme<\/option><\/select><\/div><div id=\"wpforms-780-field_8-container\" class=\"wpforms-field wpforms-field-select wpforms-field-select-style-modern\" data-field-id=\"8\"><label class=\"wpforms-field-label\" for=\"wpforms-780-field_8\">Quand aimeriez-vous commencer les travaux ? <span class=\"wpforms-required-label\" aria-hidden=\"true\">*<\/span><\/label><select id=\"wpforms-780-field_8\" class=\"wpforms-field-large wpforms-field-required choicesjs-select\" data-size-class=\"wpforms-field-row wpforms-field-large\" data-search-enabled=\"\" name=\"wpforms[fields][8]\" required=\"required\"><option value=\"\" class=\"placeholder\" disabled  selected='selected'>C&#039;est urgent<\/option><option value=\"C&#039;est urgent\" >C&#039;est urgent<\/option><option value=\"Moins de 6 mois\" >Moins de 6 mois<\/option><option value=\"Plus de 6 mois\" >Plus de 6 mois<\/option><\/select><\/div><div id=\"wpforms-780-field_3-container\" class=\"wpforms-field wpforms-field-textarea\" data-field-id=\"3\"><label class=\"wpforms-field-label\" for=\"wpforms-780-field_3\">Commentaire ou message<\/label><textarea id=\"wpforms-780-field_3\" class=\"wpforms-field-medium\" name=\"wpforms[fields][3]\" aria-errormessage=\"wpforms-780-field_3-error\" ><\/textarea><\/div><\/div><!-- .wpforms-field-container --><div class=\"wpforms-submit-container\" ><input type=\"hidden\" name=\"wpforms[id]\" value=\"780\"><input type=\"hidden\" name=\"page_title\" value=\"\"><input type=\"hidden\" name=\"page_url\" value=\"https:\/\/www.fontelec-lyon.com\/index.php\/wp-json\/wp\/v2\/pages\/794\"><button type=\"submit\" name=\"wpforms[submit]\" id=\"wpforms-submit-780\" class=\"wpforms-submit\" data-alt-text=\"Envoi...\" data-submit-text=\"Envoyer\" aria-live=\"assertive\" value=\"wpforms-submit\">Envoyer<\/button><img decoding=\"async\" src=\"https:\/\/www.fontelec-lyon.com\/wp-content\/plugins\/wpforms-lite\/assets\/images\/submit-spin.svg\" class=\"wpforms-submit-spinner\" style=\"display: none;\" width=\"26\" height=\"26\" alt=\"Chargement en cours\"><\/div><\/form><\/div>  <!-- .wpforms-container -->\t\t\t\t<\/div>\n\t\t\t\t<\/div>\n\t\t\t\t\t<\/div>\n\t\t\t\t<\/div>\n\t\t\t\t<section class=\"elementor-section elementor-top-section elementor-element elementor-element-3fd61365 elementor-section-height-min-height elementor-section-boxed elementor-section-height-default elementor-section-items-middle\" data-id=\"3fd61365\" data-element_type=\"section\" data-e-type=\"section\" data-settings=\"{&quot;background_background&quot;:&quot;classic&quot;,&quot;shape_divider_top&quot;:&quot;tilt&quot;}\">\n\t\t\t\t\t\t\t<div class=\"elementor-background-overlay\"><\/div>\n\t\t\t\t\t\t<div class=\"elementor-shape elementor-shape-top\" aria-hidden=\"true\" data-negative=\"false\">\n\t\t\t<svg xmlns=\"http:\/\/www.w3.org\/2000\/svg\" viewBox=\"0 0 1000 100\" preserveAspectRatio=\"none\">\n\t<path class=\"elementor-shape-fill\" d=\"M0,6V0h1000v100L0,6z\"\/>\n<\/svg>\t\t<\/div>\n\t\t\t\t\t<div class=\"elementor-container elementor-column-gap-default\">\n\t\t\t\t\t<div class=\"elementor-column elementor-col-100 elementor-top-column elementor-element elementor-element-7b91144d\" data-id=\"7b91144d\" data-element_type=\"column\" data-e-type=\"column\">\n\t\t\t<div class=\"elementor-widget-wrap elementor-element-populated\">\n\t\t\t\t\t\t<div class=\"elementor-element elementor-element-1712f581 elementor-widget elementor-widget-spacer\" data-id=\"1712f581\" data-element_type=\"widget\" data-e-type=\"widget\" data-widget_type=\"spacer.default\">\n\t\t\t\t<div class=\"elementor-widget-container\">\n\t\t\t\t\t\t\t<div class=\"elementor-spacer\">\n\t\t\t<div class=\"elementor-spacer-inner\"><\/div>\n\t\t<\/div>\n\t\t\t\t\t\t<\/div>\n\t\t\t\t<\/div>\n\t\t\t\t\t<\/div>\n\t\t<\/div>\n\t\t\t\t\t<\/div>\n\t\t<\/section>\n\t\t\t\t<\/div>\n\t\t","protected":false},"excerpt":{"rendered":"<p>On a h\u00e2te de vous rencontrer Nous vous invitons \u00e0 remplir le formulaire ci-dessous et notre \u00e9quipe vous recontactera sous 24 heures : Veuillez activer JavaScript dans votre navigateur pour remplir ce formulaire.Veuillez activer JavaScript dans votre navigateur pour remplir ce formulaire. Nom * Pr\u00e9nomNom Vous \u00eates : Un particulier Un professionnel Num\u00e9ro de t\u00e9l\u00e9phone [&hellip;]<\/p>\n","protected":false},"author":1,"featured_media":0,"parent":0,"menu_order":0,"comment_status":"closed","ping_status":"closed","template":"","meta":{"footnotes":""},"class_list":["post-794","page","type-page","status-publish","hentry"],"yoast_head":"<!-- This site is optimized with the Yoast SEO plugin v23.4 - https:\/\/yoast.com\/wordpress\/plugins\/seo\/ -->\n<title>Devis en ligne - Fontelec Lyon<\/title>\n<meta name=\"robots\" content=\"index, follow, max-snippet:-1, max-image-preview:large, max-video-preview:-1\" \/>\n<link rel=\"canonical\" href=\"https:\/\/www.fontelec-lyon.com\/index.php\/devis-en-ligne\/\" \/>\n<meta property=\"og:locale\" content=\"fr_FR\" \/>\n<meta property=\"og:type\" content=\"article\" \/>\n<meta property=\"og:title\" content=\"Devis en ligne - Fontelec Lyon\" \/>\n<meta property=\"og:description\" content=\"On a h\u00e2te de vous rencontrer Nous vous invitons \u00e0 remplir le formulaire ci-dessous et notre \u00e9quipe vous recontactera sous 24 heures : Veuillez activer JavaScript dans votre navigateur pour remplir ce formulaire.Veuillez activer JavaScript dans votre navigateur pour remplir ce formulaire. Nom * Pr\u00e9nomNom Vous \u00eates : Un particulier Un professionnel Num\u00e9ro de t\u00e9l\u00e9phone [&hellip;]\" \/>\n<meta property=\"og:url\" content=\"https:\/\/www.fontelec-lyon.com\/index.php\/devis-en-ligne\/\" \/>\n<meta property=\"og:site_name\" content=\"Fontelec Lyon\" \/>\n<meta property=\"article:publisher\" content=\"https:\/\/www.facebook.com\/fontelecfeyzin\/\" \/>\n<meta property=\"article:modified_time\" content=\"2024-09-12T07:59:50+00:00\" \/>\n<meta property=\"og:image\" content=\"https:\/\/www.fontelec-lyon.com\/wp-content\/plugins\/wpforms-lite\/assets\/images\/submit-spin.svg\" \/>\n<meta name=\"twitter:card\" content=\"summary_large_image\" \/>\n<meta name=\"twitter:label1\" content=\"Dur\u00e9e de lecture estim\u00e9e\" \/>\n\t<meta name=\"twitter:data1\" content=\"1 minute\" \/>\n<script type=\"application\/ld+json\" class=\"yoast-schema-graph\">{\"@context\":\"https:\/\/schema.org\",\"@graph\":[{\"@type\":\"WebPage\",\"@id\":\"https:\/\/www.fontelec-lyon.com\/index.php\/devis-en-ligne\/\",\"url\":\"https:\/\/www.fontelec-lyon.com\/index.php\/devis-en-ligne\/\",\"name\":\"Devis en ligne - Fontelec Lyon\",\"isPartOf\":{\"@id\":\"http:\/\/www.fontelec-lyon.com\/#website\"},\"primaryImageOfPage\":{\"@id\":\"https:\/\/www.fontelec-lyon.com\/index.php\/devis-en-ligne\/#primaryimage\"},\"image\":{\"@id\":\"https:\/\/www.fontelec-lyon.com\/index.php\/devis-en-ligne\/#primaryimage\"},\"thumbnailUrl\":\"https:\/\/www.fontelec-lyon.com\/wp-content\/plugins\/wpforms-lite\/assets\/images\/submit-spin.svg\",\"datePublished\":\"2024-09-11T09:03:22+00:00\",\"dateModified\":\"2024-09-12T07:59:50+00:00\",\"breadcrumb\":{\"@id\":\"https:\/\/www.fontelec-lyon.com\/index.php\/devis-en-ligne\/#breadcrumb\"},\"inLanguage\":\"fr-FR\",\"potentialAction\":[{\"@type\":\"ReadAction\",\"target\":[\"https:\/\/www.fontelec-lyon.com\/index.php\/devis-en-ligne\/\"]}]},{\"@type\":\"ImageObject\",\"inLanguage\":\"fr-FR\",\"@id\":\"https:\/\/www.fontelec-lyon.com\/index.php\/devis-en-ligne\/#primaryimage\",\"url\":\"https:\/\/www.fontelec-lyon.com\/wp-content\/plugins\/wpforms-lite\/assets\/images\/submit-spin.svg\",\"contentUrl\":\"https:\/\/www.fontelec-lyon.com\/wp-content\/plugins\/wpforms-lite\/assets\/images\/submit-spin.svg\"},{\"@type\":\"BreadcrumbList\",\"@id\":\"https:\/\/www.fontelec-lyon.com\/index.php\/devis-en-ligne\/#breadcrumb\",\"itemListElement\":[{\"@type\":\"ListItem\",\"position\":1,\"name\":\"Accueil\",\"item\":\"http:\/\/www.fontelec-lyon.com\/\"},{\"@type\":\"ListItem\",\"position\":2,\"name\":\"Devis en ligne\"}]},{\"@type\":\"WebSite\",\"@id\":\"http:\/\/www.fontelec-lyon.com\/#website\",\"url\":\"http:\/\/www.fontelec-lyon.com\/\",\"name\":\"Fontelec Lyon\",\"description\":\"Fontelec Lyon\",\"publisher\":{\"@id\":\"http:\/\/www.fontelec-lyon.com\/#organization\"},\"potentialAction\":[{\"@type\":\"SearchAction\",\"target\":{\"@type\":\"EntryPoint\",\"urlTemplate\":\"http:\/\/www.fontelec-lyon.com\/?s={search_term_string}\"},\"query-input\":{\"@type\":\"PropertyValueSpecification\",\"valueRequired\":true,\"valueName\":\"search_term_string\"}}],\"inLanguage\":\"fr-FR\"},{\"@type\":\"Organization\",\"@id\":\"http:\/\/www.fontelec-lyon.com\/#organization\",\"name\":\"Fontelec Lyon\",\"alternateName\":\"Fontelec\",\"url\":\"http:\/\/www.fontelec-lyon.com\/\",\"logo\":{\"@type\":\"ImageObject\",\"inLanguage\":\"fr-FR\",\"@id\":\"http:\/\/www.fontelec-lyon.com\/#\/schema\/logo\/image\/\",\"url\":\"https:\/\/www.fontelec-lyon.com\/wp-content\/uploads\/2024\/09\/logo-fontelec-2.png\",\"contentUrl\":\"https:\/\/www.fontelec-lyon.com\/wp-content\/uploads\/2024\/09\/logo-fontelec-2.png\",\"width\":960,\"height\":959,\"caption\":\"Fontelec Lyon\"},\"image\":{\"@id\":\"http:\/\/www.fontelec-lyon.com\/#\/schema\/logo\/image\/\"},\"sameAs\":[\"https:\/\/www.facebook.com\/fontelecfeyzin\/\"]}]}<\/script>\n<!-- \/ Yoast SEO plugin. -->","yoast_head_json":{"title":"Devis en ligne - Fontelec Lyon","robots":{"index":"index","follow":"follow","max-snippet":"max-snippet:-1","max-image-preview":"max-image-preview:large","max-video-preview":"max-video-preview:-1"},"canonical":"https:\/\/www.fontelec-lyon.com\/index.php\/devis-en-ligne\/","og_locale":"fr_FR","og_type":"article","og_title":"Devis en ligne - Fontelec Lyon","og_description":"On a h\u00e2te de vous rencontrer Nous vous invitons \u00e0 remplir le formulaire ci-dessous et notre \u00e9quipe vous recontactera sous 24 heures : Veuillez activer JavaScript dans votre navigateur pour remplir ce formulaire.Veuillez activer JavaScript dans votre navigateur pour remplir ce formulaire. Nom * Pr\u00e9nomNom Vous \u00eates : Un particulier Un professionnel Num\u00e9ro de t\u00e9l\u00e9phone [&hellip;]","og_url":"https:\/\/www.fontelec-lyon.com\/index.php\/devis-en-ligne\/","og_site_name":"Fontelec Lyon","article_publisher":"https:\/\/www.facebook.com\/fontelecfeyzin\/","article_modified_time":"2024-09-12T07:59:50+00:00","og_image":[{"url":"https:\/\/www.fontelec-lyon.com\/wp-content\/plugins\/wpforms-lite\/assets\/images\/submit-spin.svg"}],"twitter_card":"summary_large_image","twitter_misc":{"Dur\u00e9e de lecture estim\u00e9e":"1 minute"},"schema":{"@context":"https:\/\/schema.org","@graph":[{"@type":"WebPage","@id":"https:\/\/www.fontelec-lyon.com\/index.php\/devis-en-ligne\/","url":"https:\/\/www.fontelec-lyon.com\/index.php\/devis-en-ligne\/","name":"Devis en ligne - Fontelec Lyon","isPartOf":{"@id":"http:\/\/www.fontelec-lyon.com\/#website"},"primaryImageOfPage":{"@id":"https:\/\/www.fontelec-lyon.com\/index.php\/devis-en-ligne\/#primaryimage"},"image":{"@id":"https:\/\/www.fontelec-lyon.com\/index.php\/devis-en-ligne\/#primaryimage"},"thumbnailUrl":"https:\/\/www.fontelec-lyon.com\/wp-content\/plugins\/wpforms-lite\/assets\/images\/submit-spin.svg","datePublished":"2024-09-11T09:03:22+00:00","dateModified":"2024-09-12T07:59:50+00:00","breadcrumb":{"@id":"https:\/\/www.fontelec-lyon.com\/index.php\/devis-en-ligne\/#breadcrumb"},"inLanguage":"fr-FR","potentialAction":[{"@type":"ReadAction","target":["https:\/\/www.fontelec-lyon.com\/index.php\/devis-en-ligne\/"]}]},{"@type":"ImageObject","inLanguage":"fr-FR","@id":"https:\/\/www.fontelec-lyon.com\/index.php\/devis-en-ligne\/#primaryimage","url":"https:\/\/www.fontelec-lyon.com\/wp-content\/plugins\/wpforms-lite\/assets\/images\/submit-spin.svg","contentUrl":"https:\/\/www.fontelec-lyon.com\/wp-content\/plugins\/wpforms-lite\/assets\/images\/submit-spin.svg"},{"@type":"BreadcrumbList","@id":"https:\/\/www.fontelec-lyon.com\/index.php\/devis-en-ligne\/#breadcrumb","itemListElement":[{"@type":"ListItem","position":1,"name":"Accueil","item":"http:\/\/www.fontelec-lyon.com\/"},{"@type":"ListItem","position":2,"name":"Devis en ligne"}]},{"@type":"WebSite","@id":"http:\/\/www.fontelec-lyon.com\/#website","url":"http:\/\/www.fontelec-lyon.com\/","name":"Fontelec Lyon","description":"Fontelec Lyon","publisher":{"@id":"http:\/\/www.fontelec-lyon.com\/#organization"},"potentialAction":[{"@type":"SearchAction","target":{"@type":"EntryPoint","urlTemplate":"http:\/\/www.fontelec-lyon.com\/?s={search_term_string}"},"query-input":{"@type":"PropertyValueSpecification","valueRequired":true,"valueName":"search_term_string"}}],"inLanguage":"fr-FR"},{"@type":"Organization","@id":"http:\/\/www.fontelec-lyon.com\/#organization","name":"Fontelec Lyon","alternateName":"Fontelec","url":"http:\/\/www.fontelec-lyon.com\/","logo":{"@type":"ImageObject","inLanguage":"fr-FR","@id":"http:\/\/www.fontelec-lyon.com\/#\/schema\/logo\/image\/","url":"https:\/\/www.fontelec-lyon.com\/wp-content\/uploads\/2024\/09\/logo-fontelec-2.png","contentUrl":"https:\/\/www.fontelec-lyon.com\/wp-content\/uploads\/2024\/09\/logo-fontelec-2.png","width":960,"height":959,"caption":"Fontelec Lyon"},"image":{"@id":"http:\/\/www.fontelec-lyon.com\/#\/schema\/logo\/image\/"},"sameAs":["https:\/\/www.facebook.com\/fontelecfeyzin\/"]}]}},"_links":{"self":[{"href":"https:\/\/www.fontelec-lyon.com\/index.php\/wp-json\/wp\/v2\/pages\/794","targetHints":{"allow":["GET"]}}],"collection":[{"href":"https:\/\/www.fontelec-lyon.com\/index.php\/wp-json\/wp\/v2\/pages"}],"about":[{"href":"https:\/\/www.fontelec-lyon.com\/index.php\/wp-json\/wp\/v2\/types\/page"}],"author":[{"embeddable":true,"href":"https:\/\/www.fontelec-lyon.com\/index.php\/wp-json\/wp\/v2\/users\/1"}],"replies":[{"embeddable":true,"href":"https:\/\/www.fontelec-lyon.com\/index.php\/wp-json\/wp\/v2\/comments?post=794"}],"version-history":[{"count":26,"href":"https:\/\/www.fontelec-lyon.com\/index.php\/wp-json\/wp\/v2\/pages\/794\/revisions"}],"predecessor-version":[{"id":992,"href":"https:\/\/www.fontelec-lyon.com\/index.php\/wp-json\/wp\/v2\/pages\/794\/revisions\/992"}],"wp:attachment":[{"href":"https:\/\/www.fontelec-lyon.com\/index.php\/wp-json\/wp\/v2\/media?parent=794"}],"curies":[{"name":"wp","href":"https:\/\/api.w.org\/{rel}","templated":true}]}}